/8). Suppose 3*m = l + 1613 + 159, -u*m = 5*l - 1796. Suppose 0 = 5*z - 3*k + 2*k - 591, -2*k = -5*z + m. Is z a composite number?
True
Suppose 0 = 3*k - 3, -r - 4*k + 357 = -995. Let z be 0/(17/7 + (-12)/28). Suppose b = 2, -3*b + z*b - r = -2*l. Is l prime?
True
Suppose -34*u + 88*u = 1544346. Is u a composite number?
True
Is 23038*-8*-1*11/22 + 1 a composite number?
False
Let c(p) = 24*p**3 - 6*p**2 - 64*p - 137. Is c(14) composite?
False
Suppose -2*y = 3*s - 251164, 3*y - 226117 = 5*s - 644768. Is s prime?
False
Suppose -m - 33*q = -27*q - 350683, 4*m = -4*q + 1402692. Is m a prime number?
False
Let o = 32070 - 30469. Is o prime?
True
Let z(t) be the third derivative of 113*t**4/4 - 47*t**3/2 + 92*t**2. Is z(9) prime?
False
Let f(q) = 236*q**2 - 22*q + 573. Is f(20) a prime number?
False
Suppose 5*y + 0*y + 6*y = 0. Let t(l) = -l**3 + 2*l**2 - 4*l - 11. Let a be t(y). Let w(c) = 15*c**2 + 14*c + 48. Is w(a) prime?
True
Let h = 291 - 286. Suppose 0 = -j - 3, -21097 = -2*f + h*j - 4*j. Is f prime?
False
Suppose 12 = 5*r - 4*y - 13, -3*r - 4*y + 47 = 0. Suppose r*g = -16*g + 65050. Is g a prime number?
False
Let c(m) = m**2 + 4. Let x(t) = t. Let u(f) = -c(f) - 5*x(f). Let w be u(-2). Suppose -2*o = -4*q + 3060, -399 = -q - w*o + 356. Is q prime?
False
Let w(q) = 158*q + 77. Let y be 292/28 - (-33)/(-77). Is w(y) a prime number?
True
Let z(x) = 26*x - 165. Let w(i) = 25*i - 166. Let h(u) = -4*w(u) + 5*z(u). Is h(23) composite?
True
Suppose 123*q - 627784 + 31578 = 2124923. Is q a prime number?
True
Is 16/(-20) - (-1)/5*132959 prime?
True
Let u = 1608 - 652. Suppose -u = -m + 490. Let t = -505 + m. Is t a composite number?
False
Let w(o) be the third derivative of -59*o**7/1260 - 5*o**6/144 - 5*o**5/12 + 5*o**2. Let x(j) be the third derivative of w(j). Is x(-3) a composite number?
False
Suppose -3*d + 180 = -4*x, 0*x - 165 = -3*d - x. Let m be 1/4 - (-2)/(d/329). Is 11528/12*18/m prime?
False
Let h = 519586 + -26515. Is h prime?
False
Let r(s) = 2369*s**3 + 10*s**2 - 30*s + 122. Is r(5) composite?
False
Is 150035/5 + 11 - 1 a prime number?
False
Is -4*3/(-36)*474027 prime?
True
Suppose -61*h + 56*h - 20109 = -x, 0 = 3*h + 12. Is x a composite number?
False
Is ((-498140)/30)/(10/(-6) - -1) prime?
True
Let w = -659026 - -1293107. Is w a composite number?
True
Let k(t) = 894*t**2 + 13*t + 105. Is k(-8) a prime number?
False
Let y = -284 + 43. Let m = y + 660. Is m a prime number?
True
Is (657149 + 15 - 1)/1 a prime number?
False
Suppose -22*l + 125753 = 7635. Let h = l + -652. Is h a composite number?
True
Let f = 29959 - 21075. Suppose -18*u + f = -14*u. Is u composite?
False
Let z(f) = 1909*f**3 - 12*f**2 - 25*f + 17. Is z(5) composite?
True
Let o = -58236 - -231841. Is o prime?
False
Let g(o) = -290*o**3 + 4*o**2 + 3*o + 5. Suppose 0 = 13*s - 28*s - 60. Is g(s) a prime number?
True
Suppose 3*u - s = 14, 5*s = -4*u - 0 + 6. Suppose -u*z - 317 = -2*w + 4109, -2*w = -z - 4438. Is w prime?
True
Let w be ((-10)/(-55))/2 + 112/(-22). Is -6488*w/10 - (-2 + -1) prime?
False
Suppose 0 = 4*b, 4*o = -0*o - b - 67996. Is (-4 - (-4 - 1))/((-1)/o) a composite number?
True
Suppose 3*f = 122*q - 123*q + 136916, 5 = -f. Is q a prime number?
False
Let h(z) = -2*z**2 + 61*z + 33. Let i be h(31). Let f(c) = 2409*c + 23. Is f(i) prime?
False
Let n be (21/105)/(2/10). Let u(q) = -6 + 0 + 12*q + 2 + 491*q. Is u(n) a prime number?
True
Is (-459)/(-17) + -19 + (3 - -139046) a prime number?
False
Suppose b = -z + 33, -3*b + 15*z + 105 = 20*z. Suppose b*m = 32*m - 20386. Is m composite?
False
Let j(k) = -k**3 - 3*k**2 + 13*k - 1. Suppose 55 = -8*s - 9. Let q be j(s). Let x = 348 - q. Is x prime?
False
Suppose 2*p = -3*y - 2*y + 3665, 5*y + 3*p - 3670 = 0. Let k = y - -776. Is k composite?
True
Suppose 6*s = 72 + 6. Suppose 0 = 2*r + 3*l - 113, 2*r - 4*l - 147 = -s. Let p = -54 + r. Is p composite?
False
Suppose -16*f - 105126 = -30*f. Suppose 415*b + f = 418*b. Is b a prime number?
True
Let m be 219*(-18)/(-243) - 2/9. Suppose -m*s - 16849 = -23*s. Is s a prime number?
False
Let i(z) = -z**2 + 10*z + 14. Let y be i(11). Suppose p - 35 = y*r - 4*r, 3*p = 12. Suppose -26*t + r*t - 95 = 0. Is t prime?
True
Suppose 0 = -5*l + 13 - 58. Let p(d) = -9*d**3 - 39*d**2 - 13*d - 20. Is p(l) a composite number?
False
Suppose -18 - 7 = -l. Let z = -19 + l. Suppose 0 = 2*p - z, -7*u - p + 22 = -6*u. Is u composite?
False
Let m be 15/(2 + 1)*(3 + -2). Suppose -m*w + 9615 = -5*r, -8*r + 3*r - 10 = 0. Suppose -3*y + w - 406 = 0. Is y composite?
True
Let w = 6877844 - 4711083. Is w a prime number?
False
Suppose 0 = 4*h - 12, 5*h + 27401 = -5*j + 2*h. Let w = j - -8561. Is w prime?
True
Let y be ((-60)/(-5))/(-4) + 26/2. Is y/840*-8 - (-540838)/42 a prime number?
False
Let x be (-31152)/165 + 8/10. Let a = x - -194. Is a a prime number?
False
Let g(t) = -t**3 - 3*t**2 + 7*t + 15. Let k be g(-4). Suppose -k*i - 6911 = -7*i + 3*j, j = 5*i - 8636. Is i a prime number?
False
Let c = 216555 + -56007. Suppose 4*y = -5*u + 131623, -5*u + y - 28910 = -c. Is u a prime number?
False
Suppose a + w + 4 = 9, -3*a + 15 = 5*w. Is ((-96)/60)/((-2)/a) + 1357 prime?
True
Let k = -36 + 35. Let t be (-5 + (4 - 0))/(k/2). Suppose -f - 697 = -t*f. Is f a prime number?
False
Let h(y) be the second derivative of 2755*y**4/12 - 2*y**3 + 3*y**2 - 123*y. Is h(2) a composite number?
True
Suppose -5*b + 351331 = 4*o, -38*b + 33*b = -5*o - 351385. Is b composite?
False
Suppose 3 = -3*h, 2*t + 4*h = 5*t - 7021. Suppose -4*m + t = -5*b - 3*m, -b - 470 = 2*m. Let d = b - -863. Is d a composite number?
True
Suppose -4*f = -6 - 18. Suppose u + f = -3*g - 5, -5*g + 4*u - 7 = 0. Is (5 + -26)/(-7)*(-877)/g a prime number?
True
Let p = 1073 + 622. Suppose -2*y - y = s - 349, -p = -5*s - 5*y. Let l = 7117 + s. Is l composite?
False
Let m(y) = -y**3 + 6*y**2 + y - 8. Let q(w) = -6*w + 51. Let n be q(8). Let v be m(n). Suppose 0 = -v*a + 21*a + 3505. Is a composite?
True
Let h(r) = -6*r**3 + 3*r + 2. Let l be h(-1). Suppose -z - 2 + 3 = -2*t, -z = -4*t + l. Suppose -449 - 678 = -z*y. Is y composite?
True
Is (1 + (-1242)/(-24))/((-3)/(-1308)) a composite number?
True
Is -17 + (-21178102)/(-132) - 2/12 prime?
True
Let q(l) = 7*l + 26. Let y be q(-6). Let c be (74 + y)/(0 - -2). Let x = 24 + c. Is x prime?
True
Suppose 0 = -65*g + 2219699 - 648064. Is g a prime number?
True
Let z = -256 - -273. Let s(c) = -c**3 + 29*c**2 + 10*c - 25. Is s(z) prime?
True
Suppose -39*o + 8153047 - 3439303 + 5756079 = 0. Is o a prime number?
False
Let f(g) = 88773*g**2 + 35*g + 25. Is f(-4) prime?
True
Suppose -214*n - 25123688 + 93748097 = 185*n. Is n a prime number?
False
Suppose 4*j = 3*t - 542, 3*t = 4*j - 5*j + 532. Let g be (-3)/(-2*2/(-116)). Let f = g + t. Is f composite?
True
Let g(n) be the second derivative of 113*n**3 - n**2/2 - 20*n. Let z be g(1). Is z - ((-10)/(-65) + 4/(-26)) a composite number?
False
Suppose 1743758 + 6664943 = 14*m + 1061627. Is m a composite number?
True
Suppose -6 = -y - 1, 2*y = -f + 740. Suppose -h + f = -35. Suppose 3*m = 2*s - 514, -3*s = -m - 2*m - h. Is s composite?
False
Suppose -5*j + 1863 + 3277 = 0. Suppose 0 = 5*x - 9*x + j. Is x composite?
False
Let y = 31 - 26. Suppose y*c - 134 + 49 = 0. Suppose -c*l = -12*l - 9865. Is l prime?
True
Let w(u) = -2*u + 1. Let g(r) = -23*r**2 + 23*r - 26. Let h(n) = -g(n) - 3*w(n). Is h(10) composite?
False
Let t(v) = -99*v**3 - 2*v**2 - 4*v + 4. Let u be t(-2). Let i = 1769 - u. Is i a composite number?
True
Suppose 0 = -2*u + 34 + 32. Let k = -45 + u. Let t(c) = 2*c**2 + 18*c + 11. Is t(k) a prime number?
True
Suppose -541*f + 546*f = -91530. Let g = 233 - f. Is g a prime number?
True
Let k = 956799 + -521821. Is k a composite number?
True
Let x = -13237 + 9201. Let i = 54 + -53. Is ((-9)/36)/(i/x) a prime number?
True
Let x = -3542 + 42048. Suppose x = 6*f + 4768. Suppose -3*a = -2*m + f, 2*a = 4*m + 4*a - 11254. Is m a composite number?
True
Let f = -26954 + 59761. Is f a composite number?
True
Suppose -13*s + 28 + 24 = 0. Let m(v) = 12*v**3 + 3*v - 1. Is m(s) a composite number?
True
Suppose 7802 = 5*j - 9838. Suppose j - 591 = 3*n. Is n composite?
True
Let y be (-5)/(100/(-16)) - 33/(-15). Suppose -24243 = -6*a + y*a. Is a a composite number?
False
Suppose 353